{"id":2528,"date":"2021-12-16T20:02:32","date_gmt":"2021-12-16T19:02:32","guid":{"rendered":"http:\/\/socsluzbymc12.cz\/?page_id=2528"},"modified":"2024-05-10T12:40:24","modified_gmt":"2024-05-10T10:40:24","slug":"oznameni","status":"publish","type":"page","link":"http:\/\/socsluzbymc12.cz\/?page_id=2528","title":{"rendered":"Oznamovac\u00ed syst\u00e9m"},"content":{"rendered":"\n    \n    <section class=\"u-clearfix u-section-2\" id=\"sec-9b15\">\n      <div class=\"u-clearfix u-sheet u-sheet-1\">\n        <p class=\"u-text u-text-default u-text-1\">\n          <span style=\"font-weight: 700;\">V\u00e1\u017een\u00ed pracovn\u00edci organizace a na\u0161i obchodn\u00ed partne\u0159i,<br>\n            <br>chcete n\u00e1m ozn\u00e1mit jedn\u00e1n\u00ed, p\u0159i kter\u00fdch byl, dle Va\u0161eho m\u00edn\u011bn\u00ed, poru\u0161en z\u00e1kon?  Pokud ano, pou\u017eijte n\u00e1\u0161 vnit\u0159n\u00ed oznamovac\u00ed syst\u00e9m.<br>\n          <\/span>\n          <br>\n          <span style=\"font-weight: 700;\">Co je mo\u017en\u00e9 jeho prost\u0159ednictv\u00edm oznamovat?<\/span>\n          <br>P\u0159\u00edpady \u00faplatk\u00e1\u0159stv\u00ed a korupce, finan\u010dn\u00ed a majetkov\u00e9 trestn\u00e9 \u010dinnosti, po\u0161kozov\u00e1n\u00ed pr\u00e1v klient\u016f, zneu\u017e\u00edv\u00e1n\u00ed osobn\u00edch ochrann\u00fdch \u00fadaj\u016f, po\u0161kozov\u00e1n\u00ed \u017eivotn\u00edho prost\u0159ed\u00ed apod.<br>\n          <br>\n          <span style=\"font-weight: 700;\">K \u010demu syst\u00e9m neslou\u017e\u00ed?<\/span>\n          <br>K pod\u00e1v\u00e1n\u00ed anonymn\u00edch ozn\u00e1men\u00ed a p\u0159\u00edpad\u016f jako je:  nedodr\u017eov\u00e1n\u00ed pracovn\u00ed doby, \u0161ikana na pracovi\u0161ti,  spory mezi zam\u011bstnanci, st\u00ed\u017enosti zam\u011bstnanc\u016f, atd..<br>\n          <br>\n          <span style=\"font-weight: 700;\">Jak syst\u00e9m funguje?<\/span>\n          <br>Sv\u00e9 ozn\u00e1men\u00ed napi\u0161te do p\u0159ilo\u017een\u00e9ho formul\u00e1\u0159e.   Organizace ze z\u00e1kona garantuje ochranu Va\u0161\u00ed identity. Ozn\u00e1men\u00ed p\u0159ijme, p\u0159ezkoum\u00e1 organizac\u00ed ur\u010den\u00e1 jedin\u00e1 osoba, kter\u00e1 V\u00e1s v z\u00e1konem stanoven\u00e9 dob\u011b bude d\u00e1le informovat.<br>\n          <br>\n          <br>\n        <\/p>\n      <\/div>\n    <\/section>\n    <section class=\"u-align-center u-clearfix u-section-3\" id=\"sec-0d0e\">\n      <div class=\"u-clearfix u-sheet u-sheet-1\">\n        <div class=\"u-form u-form-1\">\n          <form action=\"http:\/\/socsluzbymc12.cz\/wp-content\/plugins\/nicepage\/templates\/form.php?id=2528&formId=8260-0d0e\" class=\"u-clearfix u-form-spacing-15 u-form-vertical u-inner-form\" style=\"padding: 15px;\" source=\"customphp\" name=\"form\">\n            <div class=\"u-form-group u-form-name u-label-none\">\n              <label for=\"name-6797\" class=\"u-label\">Name<\/label>\n              <input type=\"text\" placeholder=\"Jm\u00e9no a p\u0159ijmen\u00ed - nepovinn\u00e9\" id=\"name-6797\" name=\"name\" class=\"u-input u-input-rectangle\">\n            <\/div>\n            <div class=\"u-form-email u-form-group u-label-none\">\n              <label for=\"email-6797\" class=\"u-label\">Email<\/label>\n              <input type=\"email\" placeholder=\"Email - nepovinn\u00e9\" id=\"email-6797\" name=\"email\" class=\"u-input u-input-rectangle\">\n            <\/div>\n            <div class=\"u-form-group u-form-message u-label-none\">\n              <label for=\"message-6797\" class=\"u-label\">Address<\/label>\n              <textarea placeholder=\"Text\" rows=\"4\" cols=\"50\" id=\"message-6797\" name=\"message\" class=\"u-input u-input-rectangle\"><\/textarea>\n            <\/div>\n            <div class=\"u-align-left u-form-group u-form-submit\">\n              <a href=\"#\" class=\"u-btn u-btn-submit u-button-style\">Odeslat<\/a>\n              <input type=\"submit\" value=\"submit\" class=\"u-form-control-hidden\">\n            <\/div>\n            <div class=\"u-form-send-message u-form-send-success\">D\u011bkujeme za zpr\u00e1vu.<\/div>\n            <div class=\"u-form-send-error u-form-send-message\">Chyba, zpr\u00e1va nebyla odesl\u00e1na<\/div>\n            <input type=\"hidden\" value=\"\" name=\"recaptchaResponse\">\n          <\/form>\n        <\/div>\n      <\/div>\n    <\/section>\n    \n    \n    \n  \n","protected":false},"excerpt":{"rendered":"<p>V\u00e1\u017een\u00ed pracovn\u00edci organizace a na\u0161i obchodn\u00ed partne\u0159i, chcete n\u00e1m ozn\u00e1mit jedn\u00e1n\u00ed, p\u0159i kter\u00fdch byl, dle Va\u0161eho m\u00edn\u011bn\u00ed, poru\u0161en z\u00e1kon? Pokud ano, pou\u017eijte n\u00e1\u0161 vnit\u0159n\u00ed oznamovac\u00ed syst\u00e9m. Co je mo\u017en\u00e9 jeho prost\u0159ednictv\u00edm oznamovat? P\u0159\u00edpady \u00faplatk\u00e1\u0159stv\u00ed a korupce, finan\u010dn\u00ed a majetkov\u00e9 trestn\u00e9 \u010dinnosti, po\u0161kozov\u00e1n\u00ed pr\u00e1v klient\u016f, zneu\u017e\u00edv\u00e1n\u00ed osobn\u00edch ochrann\u00fdch \u00fadaj\u016f, po\u0161kozov\u00e1n\u00ed \u017eivotn\u00edho prost\u0159ed\u00ed apod. K \u010demu syst\u00e9m &hellip; <a href=\"http:\/\/socsluzbymc12.cz\/?page_id=2528\" class=\"more-link\">Continue reading<span class=\"screen-reader-text\"> &#8222;Oznamovac\u00ed syst\u00e9m&#8220;<\/span><\/a><\/p>\n","protected":false},"author":1,"featured_media":0,"parent":0,"menu_order":0,"comment_status":"closed","ping_status":"closed","template":"","meta":{"footnotes":""},"class_list":["post-2528","page","type-page","status-publish","hentry"],"_links":{"self":[{"href":"http:\/\/socsluzbymc12.cz\/index.php?rest_route=\/wp\/v2\/pages\/2528","targetHints":{"allow":["GET"]}}],"collection":[{"href":"http:\/\/socsluzbymc12.cz\/index.php?rest_route=\/wp\/v2\/pages"}],"about":[{"href":"http:\/\/socsluzbymc12.cz\/index.php?rest_route=\/wp\/v2\/types\/page"}],"author":[{"embeddable":true,"href":"http:\/\/socsluzbymc12.cz\/index.php?rest_route=\/wp\/v2\/users\/1"}],"replies":[{"embeddable":true,"href":"http:\/\/socsluzbymc12.cz\/index.php?rest_route=%2Fwp%2Fv2%2Fcomments&post=2528"}],"version-history":[{"count":12,"href":"http:\/\/socsluzbymc12.cz\/index.php?rest_route=\/wp\/v2\/pages\/2528\/revisions"}],"predecessor-version":[{"id":4737,"href":"http:\/\/socsluzbymc12.cz\/index.php?rest_route=\/wp\/v2\/pages\/2528\/revisions\/4737"}],"wp:attachment":[{"href":"http:\/\/socsluzbymc12.cz\/index.php?rest_route=%2Fwp%2Fv2%2Fmedia&parent=2528"}],"curies":[{"name":"wp","href":"https:\/\/api.w.org\/{rel}","templated":true}]}}