{"id":3559,"date":"2022-09-10T21:58:19","date_gmt":"2022-09-10T19:58:19","guid":{"rendered":"http:\/\/socsluzbymc12.cz\/?page_id=3559"},"modified":"2026-02-25T13:34:30","modified_gmt":"2026-02-25T12:34:30","slug":"uvod","status":"publish","type":"page","link":"https:\/\/socsluzbymc12.cz\/?page_id=3559","title":{"rendered":"\u00davod"},"content":{"rendered":"\n    \n    <section class=\"u-border-1 u-border-no-left u-border-no-right u-border-no-top u-border-white u-clearfix u-palette-1-light-3 u-section-2\" id=\"sec-8d40\">\n      <div class=\"u-clearfix u-sheet u-sheet-1\">\n        <div class=\"data-layout-selected u-clearfix u-expanded-width u-gutter-8 u-layout-wrap u-layout-wrap-1\">\n          <div class=\"u-layout\" style=\"\">\n            <div class=\"u-layout-row\" style=\"\">\n              <div class=\"u-align-center u-container-style u-image u-image-round u-layout-cell u-left-cell u-radius-14 u-size-30 u-size-xs-60 u-image-1\" src=\"\" data-image-width=\"1480\" data-image-height=\"2000\" style=\"background-image: url(&quot;https:\/\/socsluzbymc12.cz\/wp-content\/uploads\/2022\/09\/1-9.jpg&quot;);\">\n                <div class=\"u-container-layout u-valign-middle u-container-layout-1\" src=\"\"><\/div>\n              <\/div>\n              <div class=\"u-align-left u-container-style u-layout-cell u-palette-1-light-2 u-radius-14 u-right-cell u-shape-round u-size-30 u-size-xs-60 u-layout-cell-2\" src=\"\">\n                <div class=\"u-container-layout u-valign-top u-container-layout-2\">\n                  <p class=\"u-align-left u-text u-text-1\">\n                    <span style=\"font-weight: 700; font-size: 1.25rem;\">V\u00e1\u017een\u00ed a mil\u00ed n\u00e1v\u0161t\u011bvn\u00edci,<\/span>&nbsp;<br>&nbsp; &nbsp; &nbsp;<br>s radost\u00ed V\u00e1m p\u0159edstavuji organizaci, kter\u00e1 od roku 1999 p\u016fsob\u00ed na \n\u00fazem\u00ed M\u010c Praha 12 a pom\u00e1h\u00e1me \u0159e\u0161it probl\u00e9my star\u0161\u00edch, zdravotn\u011b \nposti\u017een\u00fdch a jinak soci\u00e1ln\u011b pot\u0159ebn\u00fdch spoluob\u010dan\u016f. Na\u0161im c\u00edlem je \nnab\u00eddnout a pomoci zajistit samostatn\u00fd a smyslupln\u00fd \u017eivot ka\u017ed\u00e9mu, kdo \nje v\u00edce nebo m\u00e9n\u011b odk\u00e1z\u00e1n na pomoc druh\u00e9 osoby. Co plat\u00ed a po\u010d\u00edt\u00e1 se, je\n kvalita \u017eivota, m\u00e9n\u011b u\u017e jeho d\u00e9lka. Tyto str\u00e1nky by m\u011bly b\u00fdt, jak se \norientovat v nab\u00eddce na\u0161ich slu\u017eeb, co \u010dinit v p\u0159\u00edpad\u011b, \u017ee n\u011bkdo z \nrodiny nebo okol\u00ed pot\u0159ebuje pomoc p\u0159i zvl\u00e1d\u00e1n\u00ed nep\u0159\u00edzniv\u00e9 \u017eivotn\u00ed \nsituace. Pracovn\u00edci Soci\u00e1ln\u00edch slu\u017eeb M\u010c Praha 12 jsou profesion\u00e1ln\u011b i \nlidsk\u00fd p\u0159ipraveni podat pomocnou ruku ka\u017ed\u00e9mu, kdo ji pot\u0159ebuje. Je \nlhostejn\u00e9, zda p\u016fjde o pouh\u00e9 zprost\u0159edkov\u00e1n\u00ed p\u0159etr\u017een\u00e9ho kontaktu s \nlidmi, o pomoc p\u0159i zvl\u00e1d\u00e1n\u00ed p\u00e9\u010de o dom\u00e1cnost nebo o zaji\u0161t\u011bn\u00ed \n\u010dty\u0159iadvacetihodinov\u00e9 p\u00e9\u010de o klienta upoutan\u00e9ho na l\u016f\u017eko. V\u017edy jde o \npomoc \u010dlov\u011bka \u010dlov\u011bku, kterou vn\u00edm\u00e1me jako sv\u00e9 posl\u00e1n\u00ed. Nebojte se \nnab\u00edzenou ruku p\u0159ijmout.&nbsp;<br>\n                    <br>&nbsp; &nbsp; &nbsp; &nbsp; &nbsp; &nbsp; &nbsp; &nbsp; &nbsp; &nbsp; &nbsp; &nbsp; &nbsp; &nbsp; &nbsp; &nbsp; &nbsp; &nbsp; &nbsp; &nbsp; &nbsp; &nbsp; &nbsp; &nbsp; &nbsp; &nbsp; &nbsp; &nbsp; &nbsp; &nbsp; &nbsp; &nbsp; &nbsp; &nbsp; &nbsp; Ing. Ji\u0159\u00ed Slepi\u010dka<br>&nbsp; &nbsp; &nbsp; &nbsp; &nbsp; &nbsp; &nbsp; &nbsp; &nbsp; &nbsp; &nbsp; &nbsp; &nbsp; &nbsp; &nbsp; &nbsp; &nbsp; &nbsp; &nbsp; &nbsp; &nbsp; &nbsp; &nbsp; &nbsp; &nbsp; &nbsp; &nbsp; &nbsp; &nbsp; &nbsp; &nbsp; &nbsp; &nbsp; &nbsp; \u0159editel organizace&nbsp; &nbsp; &nbsp;&nbsp; \n                  <\/p>\n                <\/div>\n              <\/div>\n            <\/div>\n          <\/div>\n        <\/div>\n        <p class=\"u-text u-text-default u-text-2\">\n          <span style=\"font-size: 1.125rem;\">\n            <span style=\"font-weight: 700;\">\n              <span class=\"u-text-palette-2-base\">Aktualita:<\/span> Soci\u00e1ln\u00ed slu\u017eby M\u010c Praha 12, p\u0159\u00edsp\u011bvkov\u00e1 organizace&nbsp;m\u00e1 voln\u00e1 m\u00edsta a&nbsp;p\u0159ij\u00edm\u00e1&nbsp;d\u011bti ve v\u011bku od 1 do 3 let&nbsp;do d\u011btsk\u00e9 skupiny.&nbsp;&nbsp;M\u00edstem poskytov\u00e1n\u00ed slu\u017eby je Praha 4, J. Jovkova 3253.&nbsp;Z\u00e1jemci volejte na tel. \u010d. 241761180, p\u0159\u00edp. pi\u0161te na&nbsp;e-mail: jesle.modrany@centrum.cz.\n&nbsp;\n            <\/span>\n          <\/span>\n        <\/p>\n      <\/div>\n    <\/section>\n    <section class=\"u-border-2 u-border-no-left u-border-no-right u-border-no-top u-border-white u-clearfix u-palette-1-light-3 u-section-3\" id=\"sec-e9cc\">\n      <div class=\"u-clearfix u-sheet u-sheet-1\">\n        <h5 class=\"u-custom-font u-text u-text-default u-text-1\">Hled\u00e1m slu\u017ebu:<\/h5>\n        <div class=\"u-expanded-width u-list u-list-1\">\n          <div class=\"u-repeater u-repeater-1\">\n            <div class=\"u-align-left u-container-style u-list-item u-repeater-item\">\n              <div class=\"u-container-layout u-similar-container u-container-layout-1\">\n                <h6 class=\"u-hover-feature u-text u-text-default u-text-2\">Pro seniory<\/h6>\n                <img decoding=\"async\" class=\"u-image u-image-round u-preserve-proportions u-radius-10 u-image-1\" src=\"https:\/\/socsluzbymc12.cz\/wp-content\/uploads\/2022\/09\/Senior1-7-3.jpg\" alt=\"\" data-image-width=\"100\" data-image-height=\"62\" data-href=\"https:\/\/socsluzbymc12.cz\/?page_id=85\">\n                <a href=\"https:\/\/socsluzbymc12.cz\/?page_id=21\" class=\"u-black u-btn u-btn-round u-button-style u-hover-palette-1-light-1 u-radius-6 u-btn-1\">Pe\u010dovatelsk\u00e1 slu\u017eba<\/a>\n              <\/div>\n            <\/div>\n            <div class=\"u-container-style u-list-item u-repeater-item\">\n              <div class=\"u-container-layout u-similar-container u-container-layout-2\">\n                <h6 class=\"u-hover-feature u-text u-text-default u-text-3\">Pro seniory<\/h6>\n                <img decoding=\"async\" class=\"u-image u-image-round u-preserve-proportions u-radius-10 u-image-2\" src=\"https:\/\/socsluzbymc12.cz\/wp-content\/uploads\/2022\/09\/Senior1-7-3.jpg\" alt=\"\" data-image-width=\"100\" data-image-height=\"62\" data-href=\"https:\/\/socsluzbymc12.cz\/?page_id=21\">\n                <a href=\"https:\/\/socsluzbymc12.cz\/?page_id=68\" class=\"u-black u-btn u-btn-round u-button-style u-hover-palette-1-light-1 u-radius-6 u-btn-2\">Soc. o\u0161et\u0159. centrum<\/a>\n              <\/div>\n            <\/div>\n            <div class=\"u-container-style u-list-item u-repeater-item\">\n              <div class=\"u-container-layout u-similar-container u-container-layout-3\">\n                <h6 class=\"u-hover-feature u-text u-text-default u-text-4\">Pro seniory<\/h6>\n                <img decoding=\"async\" class=\"u-image u-image-round u-preserve-proportions u-radius-10 u-image-3\" src=\"https:\/\/socsluzbymc12.cz\/wp-content\/uploads\/2022\/09\/Senior1-4.jpg\" alt=\"\" data-image-width=\"150\" data-image-height=\"93\" data-href=\"https:\/\/socsluzbymc12.cz\/?page_id=48\">\n                <a href=\"https:\/\/socsluzbymc12.cz\/?page_id=48\" class=\"u-black u-btn u-btn-round u-button-style u-hover-palette-1-light-1 u-radius-6 u-btn-3\">Kluby d\u0159\u00edve narozen\u00fdch<\/a>\n              <\/div>\n            <\/div>\n            <div class=\"u-container-style u-list-item u-repeater-item\">\n              <div class=\"u-container-layout u-similar-container u-container-layout-4\">\n                <h6 class=\"u-hover-feature u-text u-text-default u-text-5\">Pro rodiny, d\u011bti<\/h6>\n                <img decoding=\"async\" class=\"u-image u-image-round u-preserve-proportions u-radius-10 u-image-4\" src=\"https:\/\/socsluzbymc12.cz\/wp-content\/uploads\/2022\/09\/Rodina-4.jpg\" alt=\"\" data-image-width=\"150\" data-image-height=\"132\" data-href=\"https:\/\/socsluzbymc12.cz\/?page_id=68\">\n                <a href=\"https:\/\/socsluzbymc12.cz\/?page_id=68\" class=\"u-black u-btn u-btn-round u-button-style u-hover-palette-1-light-1 u-radius-6 u-btn-4\">D\u011btsk\u00e1 skupina<\/a>\n              <\/div>\n            <\/div>\n            <div class=\"u-container-style u-list-item u-repeater-item\">\n              <div class=\"u-container-layout u-similar-container u-container-layout-5\">\n                <h6 class=\"u-hover-feature u-text u-text-default u-text-6\">Pro osoby v t\u00ed\u017eiv\u00e9 situaci<\/h6>\n                <img decoding=\"async\" class=\"u-image u-image-round u-preserve-proportions u-radius-10 u-image-5\" src=\"https:\/\/socsluzbymc12.cz\/wp-content\/uploads\/2022\/09\/Postel-4.jpg\" alt=\"\" data-image-width=\"150\" data-image-height=\"102\" data-href=\"https:\/\/socsluzbymc12.cz\/?page_id=73\">\n                <a href=\"https:\/\/socsluzbymc12.cz\/?page_id=73\" class=\"u-black u-btn u-btn-round u-button-style u-hover-palette-1-light-1 u-radius-6 u-btn-5\">Azylov\u00e9 bydlen\u00ed<\/a>\n              <\/div>\n            <\/div>\n          <\/div>\n        <\/div>\n      <\/div>\n      \n      \n      \n      \n      \n      \n      \n      \n    <\/section>\n    <section class=\"u-align-center u-clearfix u-palette-1-light-3 u-section-4\" id=\"sec-6b05\">\n      <div class=\"u-align-left u-clearfix u-sheet u-sheet-1\">\n        <h4 class=\"u-custom-font u-text u-text-default u-text-1\">Aktuality<\/h4>\n        <img decoding=\"async\" class=\"u-image u-image-default u-image-1\" src=\"https:\/\/socsluzbymc12.cz\/wp-content\/uploads\/2025\/06\/Veletrh.jpg\" alt=\"\" data-image-width=\"1241\" data-image-height=\"1754\">\n      <\/div>\n    <\/section>\n    \n    \n    \n  \n","protected":false},"excerpt":{"rendered":"<p>V\u00e1\u017een\u00ed a mil\u00ed n\u00e1v\u0161t\u011bvn\u00edci,&nbsp;&nbsp; &nbsp; &nbsp;s radost\u00ed V\u00e1m p\u0159edstavuji organizaci, kter\u00e1 od roku 1999 p\u016fsob\u00ed na \u00fazem\u00ed M\u010c Praha 12 a pom\u00e1h\u00e1me \u0159e\u0161it probl\u00e9my star\u0161\u00edch, zdravotn\u011b posti\u017een\u00fdch a jinak soci\u00e1ln\u011b pot\u0159ebn\u00fdch spoluob\u010dan\u016f. Na\u0161im c\u00edlem je nab\u00eddnout a pomoci zajistit samostatn\u00fd a smyslupln\u00fd \u017eivot ka\u017ed\u00e9mu, kdo je v\u00edce nebo m\u00e9n\u011b odk\u00e1z\u00e1n na pomoc druh\u00e9 osoby. Co &hellip; <a href=\"https:\/\/socsluzbymc12.cz\/?page_id=3559\" class=\"more-link\">Continue reading<span class=\"screen-reader-text\"> &#8222;\u00davod&#8220;<\/span><\/a><\/p>\n","protected":false},"author":1,"featured_media":0,"parent":0,"menu_order":2,"comment_status":"closed","ping_status":"closed","template":"","meta":{"footnotes":""},"class_list":["post-3559","page","type-page","status-publish","hentry"],"_links":{"self":[{"href":"https:\/\/socsluzbymc12.cz\/index.php?rest_route=\/wp\/v2\/pages\/3559","targetHints":{"allow":["GET"]}}],"collection":[{"href":"https:\/\/socsluzbymc12.cz\/index.php?rest_route=\/wp\/v2\/pages"}],"about":[{"href":"https:\/\/socsluzbymc12.cz\/index.php?rest_route=\/wp\/v2\/types\/page"}],"author":[{"embeddable":true,"href":"https:\/\/socsluzbymc12.cz\/index.php?rest_route=\/wp\/v2\/users\/1"}],"replies":[{"embeddable":true,"href":"https:\/\/socsluzbymc12.cz\/index.php?rest_route=%2Fwp%2Fv2%2Fcomments&post=3559"}],"version-history":[{"count":5,"href":"https:\/\/socsluzbymc12.cz\/index.php?rest_route=\/wp\/v2\/pages\/3559\/revisions"}],"predecessor-version":[{"id":5456,"href":"https:\/\/socsluzbymc12.cz\/index.php?rest_route=\/wp\/v2\/pages\/3559\/revisions\/5456"}],"wp:attachment":[{"href":"https:\/\/socsluzbymc12.cz\/index.php?rest_route=%2Fwp%2Fv2%2Fmedia&parent=3559"}],"curies":[{"name":"wp","href":"https:\/\/api.w.org\/{rel}","templated":true}]}}