{"id":4075,"date":"2023-03-14T08:50:38","date_gmt":"2023-03-14T07:50:38","guid":{"rendered":"http:\/\/socsluzbymc12.cz\/?page_id=4075"},"modified":"2023-03-22T13:53:52","modified_gmt":"2023-03-22T12:53:52","slug":"ankety","status":"publish","type":"page","link":"https:\/\/socsluzbymc12.cz\/?page_id=4075","title":{"rendered":"Ankety"},"content":{"rendered":"\n    \n    <section class=\"u-clearfix u-section-2\" id=\"sec-d48b\">\n      <div class=\"u-clearfix u-sheet u-sheet-1\">\n        <h1 class=\"u-text u-text-default u-title u-text-1\">Ankety<\/h1>\n        <p class=\"u-text u-text-default u-text-2\">Spokojenst klient\u016f s ter\u00e9nn\u00ed pe\u010dovatelskou slu\u017ebou - rozvoz ob\u011bd\u016f .<br>\n        <\/p>\n        <p class=\"u-text u-text-default u-text-3\">V \u00fanoru 2023 prob\u011bhla anketa spokojenosti s ter\u00e9nn\u00ed pe\u010dovatelskou slu\u017ebou - rozvoz ob\u011bd\u016f, kter\u00e1 je poskytov\u00e1na v r\u00e1mci m\u011bstsk\u00e9 \u010d\u00e1sti Praha 12.<br>\n        <\/p>\n        <a href=\"https:\/\/socsluzbymc12.cz\/wp-content\/uploads\/2023\/03\/Anketape.sluba_.pdf\" class=\"u-btn u-btn-round u-button-style u-file-link u-hover-palette-1-light-1 u-palette-1-base u-radius-50 u-btn-1\">V\u00fdsledek ankety<\/a>\n        <p class=\"u-text u-text-default u-text-4\">Spokojenost klient\u016f&nbsp; s pobytovou slu\u017ebou v SOC Z\u00e1rubova<br>\n        <\/p>\n        <p class=\"u-text u-text-default u-text-5\">V \u00fanoru 2023 prob\u011bhla anketa spokojenosti s&nbsp; pobytovou slu\u017ebou v SOC Z\u00e1rubova<br>\n        <\/p>\n        <a href=\"https:\/\/socsluzbymc12.cz\/wp-content\/uploads\/2023\/03\/AnketaSOC.pdf\" class=\"u-btn u-btn-round u-button-style u-file-link u-hover-palette-1-light-1 u-palette-1-base u-radius-50 u-btn-2\">v\u00fdsledek ankety<\/a>\n      <\/div>\n    <\/section>\n    \n    \n  \n","protected":false},"excerpt":{"rendered":"<p>Ankety Spokojenst klient\u016f s ter\u00e9nn\u00ed pe\u010dovatelskou slu\u017ebou &#8211; rozvoz ob\u011bd\u016f . V \u00fanoru 2023 prob\u011bhla anketa spokojenosti s ter\u00e9nn\u00ed pe\u010dovatelskou slu\u017ebou &#8211; rozvoz ob\u011bd\u016f, kter\u00e1 je poskytov\u00e1na v r\u00e1mci m\u011bstsk\u00e9 \u010d\u00e1sti Praha 12. V\u00fdsledek ankety Spokojenost klient\u016f&nbsp; s pobytovou slu\u017ebou v SOC Z\u00e1rubova V \u00fanoru 2023 prob\u011bhla anketa spokojenosti s&nbsp; pobytovou slu\u017ebou v SOC Z\u00e1rubova &hellip; <a href=\"https:\/\/socsluzbymc12.cz\/?page_id=4075\" class=\"more-link\">Continue reading<span class=\"screen-reader-text\"> &#8222;Ankety&#8220;<\/span><\/a><\/p>\n","protected":false},"author":1,"featured_media":0,"parent":0,"menu_order":0,"comment_status":"closed","ping_status":"closed","template":"","meta":{"footnotes":""},"class_list":["post-4075","page","type-page","status-publish","hentry"],"_links":{"self":[{"href":"https:\/\/socsluzbymc12.cz\/index.php?rest_route=\/wp\/v2\/pages\/4075","targetHints":{"allow":["GET"]}}],"collection":[{"href":"https:\/\/socsluzbymc12.cz\/index.php?rest_route=\/wp\/v2\/pages"}],"about":[{"href":"https:\/\/socsluzbymc12.cz\/index.php?rest_route=\/wp\/v2\/types\/page"}],"author":[{"embeddable":true,"href":"https:\/\/socsluzbymc12.cz\/index.php?rest_route=\/wp\/v2\/users\/1"}],"replies":[{"embeddable":true,"href":"https:\/\/socsluzbymc12.cz\/index.php?rest_route=%2Fwp%2Fv2%2Fcomments&post=4075"}],"version-history":[{"count":4,"href":"https:\/\/socsluzbymc12.cz\/index.php?rest_route=\/wp\/v2\/pages\/4075\/revisions"}],"predecessor-version":[{"id":4241,"href":"https:\/\/socsluzbymc12.cz\/index.php?rest_route=\/wp\/v2\/pages\/4075\/revisions\/4241"}],"wp:attachment":[{"href":"https:\/\/socsluzbymc12.cz\/index.php?rest_route=%2Fwp%2Fv2%2Fmedia&parent=4075"}],"curies":[{"name":"wp","href":"https:\/\/api.w.org\/{rel}","templated":true}]}}